{"id":9763,"date":"2021-08-08T04:52:24","date_gmt":"2021-08-08T04:52:24","guid":{"rendered":"http:\/\/triotrend.local\/?page_id=9763"},"modified":"2021-11-29T18:31:51","modified_gmt":"2021-11-29T18:31:51","slug":"rolunk","status":"publish","type":"page","link":"https:\/\/triotrend.hu\/?page_id=9763","title":{"rendered":"R\u00f3lunk"},"content":{"rendered":"<p>[vc_row][vc_column]<div class=\"heading  header-subheader align-center color-black subcolor-main transform-default has-subheader theme-icon-second icon-type-default heading-tag-h2\" id=\"like_sc_header_262146750\"><h6 class=\"subheader ltx-sr-id-like_sc_header_2621467501065701439 ltx-sr ltx-sr-effect-fade_in ltx-sr-el-block ltx-sr-delay-100 ltx-sr-duration-300 ltx-sr-sequences-50\">C\u00e9g\u00fcnk t\u00f6rt\u00e9nete<\/h6><h2 class=\"header ltx-sr-id-like_sc_header_262146750664459482 ltx-sr ltx-sr-effect-fade_in ltx-sr-el-block ltx-sr-delay-0 ltx-sr-duration-1000 ltx-sr-sequences-0\">R\u00f3lunk<\/h2><\/div>[vc_hoverbox image=&#8221;9768&#8243; primary_title=&#8221;Pr\u00e9mium ajt\u00f3k!&#8221; primary_title_font_container=&#8221;color:%23000000&#8243; hover_title=&#8221;&#8221; hover_background_color=&#8221;custom&#8221; use_custom_fonts_primary_title=&#8221;true&#8221; use_custom_fonts_hover_title=&#8221;true&#8221; hover_title_el_class=&#8221;color-black&#8221; primary_title_el_class=&#8221;color-black&#8221;][\/vc_hoverbox][vc_column_text el_class=&#8221;sorkizart&#8221;]<b>A TRIO TREND Kft.<\/b> <span style=\"font-weight: 400;\">1998-ban alakult, 100%-ban magyar tulajdon\u00fa v\u00e1llalat. Strat\u00e9giai c\u00e9lja min\u0151s\u00e9gi ajt\u00f3rendszerek magyarorsz\u00e1gi k\u00e9pviselete, forgalmaz\u00e1sa \u00e9s szakmai tan\u00e1csad\u00e1s. A v\u00e1llalkoz\u00e1s eredm\u00e9nyess\u00e9g\u00e9nek z\u00e1loga dolgoz\u00f3ink magas szint\u0171 szakmai tud\u00e1sa \u00e9s szakismerete, valamint a min\u0151s\u00e9gi gy\u00e1rt\u00f3i h\u00e1tt\u00e9r kiv\u00e1laszt\u00e1sa.<\/span><\/p>\n<p><span style=\"font-weight: 400;\">A c\u00e9g f\u0151 tev\u00e9kenys\u00e9gi k\u00f6re belt\u00e9ri fa ny\u00edl\u00e1sz\u00e1r\u00f3k \u00e9s speci\u00e1lis ac\u00e9l t\u0171zg\u00e1tl\u00f3 szerkezetek nagykereskedelmi \u00e9rt\u00e9kes\u00edt\u00e9se, mely kiterjed a kiskeresked\u0151i keresked\u0151h\u00e1l\u00f3zat kiszolg\u00e1l\u00e1s\u00e1ra, valamint kiemelt beruh\u00e1z\u00e1sokra t\u00f6rt\u00e9n\u0151 k\u00f6zvetlen elad\u00e1sokra \u00e9s kivitelez\u00e9sekre is. C\u00e9lunk mindk\u00e9t ter\u00fcleten egy olyan min\u0151s\u00e9gi term\u00e9kv\u00e1laszt\u00e9k \u00e9s szolg\u00e1ltat\u00e1scsomag biztos\u00edt\u00e1sa, mely hozz\u00e1j\u00e1rul az ig\u00e9nyes \u00e9p\u00edt\u00e9szet \u00e9s bels\u0151\u00e9p\u00edt\u00e9szet hazai fejl\u0151d\u00e9s\u00e9hez.<\/span><\/p>\n<p><span style=\"font-weight: 400;\">Szoros kapcsolatot \u00e1polunk a legjelent\u0151sebb hazai beruh\u00e1z\u00f3 csoportokkal, kivitelez\u0151kkel, \u00e9p\u00edt\u00e9sztervez\u0151kkel. Sz\u00e1mukra tan\u00e1csad\u00e1st ny\u00fajtunk a tervez\u00e9si f\u00e1zist\u00f3l kezdve, eg\u00e9szen az \u00e1tad\u00e1sig. Nagy figyelmet ford\u00edtunk koll\u00e9g\u00e1ink folyamatos szakmai tov\u00e1bbk\u00e9pz\u00e9s\u00e9re, r\u00e9sz\u00fckre rendszeres szakmai tr\u00e9ningek keret\u00e9ben biztos\u00edtunk lehet\u0151s\u00e9get a szakmai fejl\u0151d\u00e9sre.<br \/>\n<\/span> <b>A Trio Trend Kft.<\/b><span style=\"font-weight: 400;\"> 2004 folyam\u00e1n Nagykanizs\u00e1n, az Ipari Park ter\u00fclet\u00e9n saj\u00e1t logisztikai k\u00f6zpontot \u00e9p\u00edtett, \u00e9s az\u00f3ta onnan szolg\u00e1ljuk ki az orsz\u00e1g minden ter\u00fclet\u00e9r\u0151l \u00e9rkez\u0151 vev\u0151inket, illetve innen t\u00f6rt\u00e9nik a kisz\u00e1ll\u00edt\u00e1s is. Az itt l\u00e9tes\u00edtett bemutat\u00f3teremben a k\u00f6rny\u00e9kbeli mag\u00e1nv\u00e1s\u00e1rl\u00f3inkat tudjuk magas sz\u00ednvonalon kiszolg\u00e1lni. Budapesten kereskedelmi irod\u00e1t m\u0171k\u00f6dtet a c\u00e9g, a Budapesten \u00e9s k\u00f6rny\u00e9k\u00e9n v\u00e1llalt megb\u00edz\u00e1sok hat\u00e9kony koordin\u00e1l\u00e1sa \u00e9rdek\u00e9ben.<\/span>[\/vc_column_text][\/vc_column][\/vc_row][vc_row][vc_column][\/vc_column][\/vc_row]<\/p>\n","protected":false},"excerpt":{"rendered":"<p>[vc_row][vc_column][vc_hoverbox image=&#8221;9768&#8243; primary_title=&#8221;Pr\u00e9mium ajt\u00f3k!&#8221; primary_title_font_container=&#8221;color:%23000000&#8243; hover_title=&#8221;&#8221; hover_background_color=&#8221;custom&#8221; use_custom_fonts_primary_title=&#8221;true&#8221; use_custom_fonts_hover_title=&#8221;true&#8221; hover_title_el_class=&#8221;color-black&#8221; primary_title_el_class=&#8221;color-black&#8221;][\/vc_hoverbox][vc_column_text el_class=&#8221;sorkizart&#8221;]A TRIO TREND Kft. 1998-ban alakult, 100%-ban magyar tulajdon\u00fa v\u00e1llalat. Strat\u00e9giai c\u00e9lja min\u0151s\u00e9gi ajt\u00f3rendszerek magyarorsz\u00e1gi k\u00e9pviselete, forgalmaz\u00e1sa \u00e9s szakmai tan\u00e1csad\u00e1s. A v\u00e1llalkoz\u00e1s eredm\u00e9nyess\u00e9g\u00e9nek z\u00e1loga dolgoz\u00f3ink magas szint\u0171 szakmai tud\u00e1sa \u00e9s szakismerete, valamint a min\u0151s\u00e9gi gy\u00e1rt\u00f3i h\u00e1tt\u00e9r kiv\u00e1laszt\u00e1sa. A c\u00e9g f\u0151 tev\u00e9kenys\u00e9gi k\u00f6re belt\u00e9ri fa ny\u00edl\u00e1sz\u00e1r\u00f3k \u00e9s speci\u00e1lis ac\u00e9l t\u0171zg\u00e1tl\u00f3 szerkezetek nagykereskedelmi \u00e9rt\u00e9kes\u00edt\u00e9se, mely kiterjed a kiskeresked\u0151i keresked\u0151h\u00e1l\u00f3zat kiszolg\u00e1l\u00e1s\u00e1ra, valamint kiemelt beruh\u00e1z\u00e1sokra t\u00f6rt\u00e9n\u0151 k\u00f6zvetlen elad\u00e1sokra \u00e9s kivitelez\u00e9sekre is. C\u00e9lunk mindk\u00e9t ter\u00fcleten egy olyan min\u0151s\u00e9gi term\u00e9kv\u00e1laszt\u00e9k \u00e9s szolg\u00e1ltat\u00e1scsomag biztos\u00edt\u00e1sa, mely hozz\u00e1j\u00e1rul az ig\u00e9nyes \u00e9p\u00edt\u00e9szet \u00e9s bels\u0151\u00e9p\u00edt\u00e9szet hazai fejl\u0151d\u00e9s\u00e9hez. Szoros kapcsolatot \u00e1polunk a legjelent\u0151sebb hazai beruh\u00e1z\u00f3 csoportokkal, kivitelez\u0151kkel, \u00e9p\u00edt\u00e9sztervez\u0151kkel. Sz\u00e1mukra tan\u00e1csad\u00e1st ny\u00fajtunk a tervez\u00e9si f\u00e1zist\u00f3l kezdve, eg\u00e9szen az \u00e1tad\u00e1sig. Nagy figyelmet ford\u00edtunk [&hellip;]<\/p>\n","protected":false},"author":1,"featured_media":0,"parent":0,"menu_order":0,"comment_status":"closed","ping_status":"closed","template":"","meta":{"footnotes":""},"class_list":["post-9763","page","type-page","status-publish","hentry"],"_links":{"self":[{"href":"https:\/\/triotrend.hu\/index.php?rest_route=\/wp\/v2\/pages\/9763","targetHints":{"allow":["GET"]}}],"collection":[{"href":"https:\/\/triotrend.hu\/index.php?rest_route=\/wp\/v2\/pages"}],"about":[{"href":"https:\/\/triotrend.hu\/index.php?rest_route=\/wp\/v2\/types\/page"}],"author":[{"embeddable":true,"href":"https:\/\/triotrend.hu\/index.php?rest_route=\/wp\/v2\/users\/1"}],"replies":[{"embeddable":true,"href":"https:\/\/triotrend.hu\/index.php?rest_route=%2Fwp%2Fv2%2Fcomments&post=9763"}],"version-history":[{"count":16,"href":"https:\/\/triotrend.hu\/index.php?rest_route=\/wp\/v2\/pages\/9763\/revisions"}],"predecessor-version":[{"id":9913,"href":"https:\/\/triotrend.hu\/index.php?rest_route=\/wp\/v2\/pages\/9763\/revisions\/9913"}],"wp:attachment":[{"href":"https:\/\/triotrend.hu\/index.php?rest_route=%2Fwp%2Fv2%2Fmedia&parent=9763"}],"curies":[{"name":"wp","href":"https:\/\/api.w.org\/{rel}","templated":true}]}}